{"id":11981,"date":"2019-02-26T16:44:39","date_gmt":"2019-02-26T14:44:39","guid":{"rendered":"http:\/\/icdp.ro\/?page_id=11981"},"modified":"2019-02-26T16:44:39","modified_gmt":"2019-02-26T14:44:39","slug":"tita","status":"publish","type":"page","link":"https:\/\/icdp.ro\/ro\/cercetare\/genetica-si-ameliorare\/genetica\/tita\/","title":{"rendered":"TITA"},"content":{"rendered":"<p><a href=\"http:\/\/icdp.ro\/wp-content\/uploads\/2019\/02\/Tita.jpg\"><img decoding=\"async\" class=\"alignright size-400 wp-image-11862\" src=\"http:\/\/icdp.ro\/wp-content\/uploads\/2019\/02\/Tita-400x378.jpg\" alt=\"\" width=\"400\" height=\"378\" srcset=\"https:\/\/icdp.ro\/wp-content\/uploads\/2019\/02\/Tita-200x189.jpg 200w, https:\/\/icdp.ro\/wp-content\/uploads\/2019\/02\/Tita-300x283.jpg 300w, https:\/\/icdp.ro\/wp-content\/uploads\/2019\/02\/Tita-400x378.jpg 400w, https:\/\/icdp.ro\/wp-content\/uploads\/2019\/02\/Tita-600x566.jpg 600w, https:\/\/icdp.ro\/wp-content\/uploads\/2019\/02\/Tita.jpg 626w\" sizes=\"(max-width: 400px) 100vw, 400px\" \/><\/a>Anul omolog\u0103rii: 1991.<br \/>\nAutori: V. Cociu, E. Bumbac, R. Roman, D. Stroe.<br \/>\nOrigine: mutagenez\u0103, respectiv iradierea s\u00e2mburilor de Tuleu gras (proveni\u0163i din polenizare liber\u0103) cu raze X \u2013 2014 R.<br \/>\n\u25cf Pomul este de vigoare mijlocie spre mic\u0103, cu ramuri de schelet groase bine garnisite cu buchete de mai; rezist\u0103 bine la ger, secet\u0103 \u015fi principalele boli, except\u00e2nd cele virotice.<br \/>\n\u25cf Epoca de \u00eenflorire mijlocie, androsteril, prezint\u0103 flori de tip Tuleu, cu petale mici \u015fi antere atrofiate, de culoare limonie, lipsite de polen. Polenizatori: Stanley, Agen \u015fi Anna Spath.<br \/>\n\u25cf Fructul este mare (50 g), de form\u0103 ovoid\u0103, cu pieli\u0163a albastr\u0103, acoperit\u0103 cu pruin\u0103 cenu\u015fiu, cu pulpa galben-verzuie, suculent\u0103, cu gust foarte pl\u0103cut, de calitate superioar\u0103, destinat pentru consum \u00een stare proasp\u0103t\u0103, s\u00e2mbure mic \u015fi neaderent.<br \/>\n\u25cf Epoca de maturare: sf\u00e2r\u015fitul lunii iulie.<\/p>\n<p>&nbsp;<\/p>\n","protected":false},"excerpt":{"rendered":"<p>Anul omolog\u0103rii: 1991. Autori: V. Cociu, E. Bumbac, R. Roman, D. Stroe. Origine: mutagenez\u0103, respectiv iradierea s\u00e2mburilor de Tuleu gras (proveni\u0163i din polenizare liber\u0103) cu raze X \u2013 2014 R. \u25cf Pomul este de vigoare mijlocie spre mic\u0103, cu ramuri de schelet groase bine garnisite cu buchete de mai; rezist\u0103 bine la ger, secet\u0103 \u015fi  [&#8230;]<\/p>\n","protected":false},"author":1,"featured_media":11862,"parent":11780,"menu_order":41,"comment_status":"closed","ping_status":"closed","template":"","meta":{"ngg_post_thumbnail":0,"footnotes":""},"categories":[34],"tags":[],"class_list":["post-11981","page","type-page","status-publish","has-post-thumbnail","hentry","category-prune"],"_links":{"self":[{"href":"https:\/\/icdp.ro\/ro\/wp-json\/wp\/v2\/pages\/11981","targetHints":{"allow":["GET"]}}],"collection":[{"href":"https:\/\/icdp.ro\/ro\/wp-json\/wp\/v2\/pages"}],"about":[{"href":"https:\/\/icdp.ro\/ro\/wp-json\/wp\/v2\/types\/page"}],"author":[{"embeddable":true,"href":"https:\/\/icdp.ro\/ro\/wp-json\/wp\/v2\/users\/1"}],"replies":[{"embeddable":true,"href":"https:\/\/icdp.ro\/ro\/wp-json\/wp\/v2\/comments?post=11981"}],"version-history":[{"count":1,"href":"https:\/\/icdp.ro\/ro\/wp-json\/wp\/v2\/pages\/11981\/revisions"}],"predecessor-version":[{"id":11982,"href":"https:\/\/icdp.ro\/ro\/wp-json\/wp\/v2\/pages\/11981\/revisions\/11982"}],"up":[{"embeddable":true,"href":"https:\/\/icdp.ro\/ro\/wp-json\/wp\/v2\/pages\/11780"}],"wp:featuredmedia":[{"embeddable":true,"href":"https:\/\/icdp.ro\/ro\/wp-json\/wp\/v2\/media\/11862"}],"wp:attachment":[{"href":"https:\/\/icdp.ro\/ro\/wp-json\/wp\/v2\/media?parent=11981"}],"wp:term":[{"taxonomy":"category","embeddable":true,"href":"https:\/\/icdp.ro\/ro\/wp-json\/wp\/v2\/categories?post=11981"},{"taxonomy":"post_tag","embeddable":true,"href":"https:\/\/icdp.ro\/ro\/wp-json\/wp\/v2\/tags?post=11981"}],"curies":[{"name":"wp","href":"https:\/\/api.w.org\/{rel}","templated":true}]}}

<p><a href="http://icdp.ro/wp-content/uploads/2019/02/Tita.jpg"><img decoding="async" class="alignright size-400 wp-image-11862" src="http://icdp.ro/wp-content/uploads/2019/02/Tita-400x378.jpg" alt="" width="400" height="378" srcset="https://icdp.ro/wp-content/uploads/2019/02/Tita-200x189.jpg 200w, https://icdp.ro/wp-content/uploads/2019/02/Tita-300x283.jpg 300w, https://icdp.ro/wp-content/uploads/2019/02/Tita-400x378.jpg 400w, https://icdp.ro/wp-content/uploads/2019/02/Tita-600x566.jpg 600w, https://icdp.ro/wp-content/uploads/2019/02/Tita.jpg 626w" sizes="(max-width: 400px) 100vw, 400px" /></a>Anul omologării: 1991.<br />
Autori: V. Cociu, E. Bumbac, R. Roman, D. Stroe.<br />
Origine: mutageneză, respectiv iradierea sâmburilor de Tuleu gras (proveniţi din polenizare liberă) cu raze X – 2014 R.<br />
● Pomul este de vigoare mijlocie spre mică, cu ramuri de schelet groase bine garnisite cu buchete de mai; rezistă bine la ger, secetă şi principalele boli, exceptând cele virotice.<br />
● Epoca de înflorire mijlocie, androsteril, prezintă flori de tip Tuleu, cu petale mici şi antere atrofiate, de culoare limonie, lipsite de polen. Polenizatori: Stanley, Agen şi Anna Spath.<br />
● Fructul este mare (50 g), de formă ovoidă, cu pieliţa albastră, acoperită cu pruină cenuşiu, cu pulpa galben-verzuie, suculentă, cu gust foarte plăcut, de calitate superioară, destinat pentru consum în stare proaspătă, sâmbure mic şi neaderent.<br />
● Epoca de maturare: sfârşitul lunii iulie.</p>
<p>&nbsp;</p>

<p>Anul omologării: 1991. Autori: V. Cociu, E. Bumbac, R. Roman, D. Stroe. Origine: mutageneză, respectiv iradierea sâmburilor de Tuleu gras (proveniţi din polenizare liberă) cu raze X – 2014 R. ● Pomul este de vigoare mijlocie spre mică, cu ramuri de schelet groase bine garnisite cu buchete de mai; rezistă bine la ger, secetă şi  [&#8230;]</p>
