{"id":11945,"date":"2019-02-26T16:25:05","date_gmt":"2019-02-26T14:25:05","guid":{"rendered":"http:\/\/icdp.ro\/?page_id=11945"},"modified":"2019-02-26T16:25:05","modified_gmt":"2019-02-26T14:25:05","slug":"tuleu-timpuriu","status":"publish","type":"page","link":"https:\/\/icdp.ro\/ro\/cercetare\/genetica-si-ameliorare\/genetica\/tuleu-timpuriu\/","title":{"rendered":"TULEU TIMPURIU"},"content":{"rendered":"<p><a href=\"http:\/\/icdp.ro\/wp-content\/uploads\/2019\/02\/Tuleu-timpuriu.jpg\"><img decoding=\"async\" class=\"alignright size-400 wp-image-11865\" src=\"http:\/\/icdp.ro\/wp-content\/uploads\/2019\/02\/Tuleu-timpuriu-400x378.jpg\" alt=\"\" width=\"400\" height=\"378\" srcset=\"https:\/\/icdp.ro\/wp-content\/uploads\/2019\/02\/Tuleu-timpuriu-200x189.jpg 200w, https:\/\/icdp.ro\/wp-content\/uploads\/2019\/02\/Tuleu-timpuriu-300x283.jpg 300w, https:\/\/icdp.ro\/wp-content\/uploads\/2019\/02\/Tuleu-timpuriu-400x378.jpg 400w, https:\/\/icdp.ro\/wp-content\/uploads\/2019\/02\/Tuleu-timpuriu-600x566.jpg 600w, https:\/\/icdp.ro\/wp-content\/uploads\/2019\/02\/Tuleu-timpuriu.jpg 626w\" sizes=\"(max-width: 400px) 100vw, 400px\" \/><\/a>Anul omolog\u0103rii: 1967.<br \/>\nAutori: V. Cociu.<br \/>\nOrigine: Tuleu gras x Peche.<br \/>\n\u25cf Pom de vigoare supramijlocie spre mare, cre\u015ftere piramidal\u0103 \u015fi fructificare spur; sensibil la Plum Pox Virus;<br \/>\n\u25cf Epoca de \u00eenflorire\u00a0 mijlocie, androsteril, prezint\u0103 flori de tip Tuleu, cu petale mici \u015fi antere atrofiate, de culoare limonie, lipsite de polen. Polenizatori: Peche, Anna Spath, Stanley \u015fi Early Rivers;<br \/>\n\u25cf Fructul este de m\u0103rime mijlocie (40 g), de form\u0103 ovoid\u0103, cu pieli\u0163a v\u00e2n\u0103t\u0103 &#8211; violacee, acoperit\u0103 cu pruin\u0103 cenu\u015fiu \u2013 alb\u0103struie, cu pulpa verde &#8211; g\u0103lbuie, crocant\u0103 \u015fi suculent\u0103, cu gust pl\u0103cut, de calitate superioar\u0103, destinat pentru consum \u00een stare propasp\u0103t\u0103, s\u00e2mbure mic \u015fi neaderent.<br \/>\n\u25cf Epoca de maturare. prima decad\u0103 a lunii august (\u00een func\u0163ie de zon\u0103).<\/p>\n","protected":false},"excerpt":{"rendered":"<p>Anul omolog\u0103rii: 1967. Autori: V. Cociu. Origine: Tuleu gras x Peche. \u25cf Pom de vigoare supramijlocie spre mare, cre\u015ftere piramidal\u0103 \u015fi fructificare spur; sensibil la Plum Pox Virus; \u25cf Epoca de \u00eenflorire\u00a0 mijlocie, androsteril, prezint\u0103 flori de tip Tuleu, cu petale mici \u015fi antere atrofiate, de culoare limonie, lipsite de polen. Polenizatori: Peche, Anna Spath,  [&#8230;]<\/p>\n","protected":false},"author":1,"featured_media":11865,"parent":11780,"menu_order":23,"comment_status":"closed","ping_status":"closed","template":"","meta":{"ngg_post_thumbnail":0,"footnotes":""},"categories":[34],"tags":[],"class_list":["post-11945","page","type-page","status-publish","has-post-thumbnail","hentry","category-prune"],"_links":{"self":[{"href":"https:\/\/icdp.ro\/ro\/wp-json\/wp\/v2\/pages\/11945","targetHints":{"allow":["GET"]}}],"collection":[{"href":"https:\/\/icdp.ro\/ro\/wp-json\/wp\/v2\/pages"}],"about":[{"href":"https:\/\/icdp.ro\/ro\/wp-json\/wp\/v2\/types\/page"}],"author":[{"embeddable":true,"href":"https:\/\/icdp.ro\/ro\/wp-json\/wp\/v2\/users\/1"}],"replies":[{"embeddable":true,"href":"https:\/\/icdp.ro\/ro\/wp-json\/wp\/v2\/comments?post=11945"}],"version-history":[{"count":1,"href":"https:\/\/icdp.ro\/ro\/wp-json\/wp\/v2\/pages\/11945\/revisions"}],"predecessor-version":[{"id":11946,"href":"https:\/\/icdp.ro\/ro\/wp-json\/wp\/v2\/pages\/11945\/revisions\/11946"}],"up":[{"embeddable":true,"href":"https:\/\/icdp.ro\/ro\/wp-json\/wp\/v2\/pages\/11780"}],"wp:featuredmedia":[{"embeddable":true,"href":"https:\/\/icdp.ro\/ro\/wp-json\/wp\/v2\/media\/11865"}],"wp:attachment":[{"href":"https:\/\/icdp.ro\/ro\/wp-json\/wp\/v2\/media?parent=11945"}],"wp:term":[{"taxonomy":"category","embeddable":true,"href":"https:\/\/icdp.ro\/ro\/wp-json\/wp\/v2\/categories?post=11945"},{"taxonomy":"post_tag","embeddable":true,"href":"https:\/\/icdp.ro\/ro\/wp-json\/wp\/v2\/tags?post=11945"}],"curies":[{"name":"wp","href":"https:\/\/api.w.org\/{rel}","templated":true}]}}

<p><a href="http://icdp.ro/wp-content/uploads/2019/02/Tuleu-timpuriu.jpg"><img decoding="async" class="alignright size-400 wp-image-11865" src="http://icdp.ro/wp-content/uploads/2019/02/Tuleu-timpuriu-400x378.jpg" alt="" width="400" height="378" srcset="https://icdp.ro/wp-content/uploads/2019/02/Tuleu-timpuriu-200x189.jpg 200w, https://icdp.ro/wp-content/uploads/2019/02/Tuleu-timpuriu-300x283.jpg 300w, https://icdp.ro/wp-content/uploads/2019/02/Tuleu-timpuriu-400x378.jpg 400w, https://icdp.ro/wp-content/uploads/2019/02/Tuleu-timpuriu-600x566.jpg 600w, https://icdp.ro/wp-content/uploads/2019/02/Tuleu-timpuriu.jpg 626w" sizes="(max-width: 400px) 100vw, 400px" /></a>Anul omologării: 1967.<br />
Autori: V. Cociu.<br />
Origine: Tuleu gras x Peche.<br />
● Pom de vigoare supramijlocie spre mare, creştere piramidală şi fructificare spur; sensibil la Plum Pox Virus;<br />
● Epoca de înflorire  mijlocie, androsteril, prezintă flori de tip Tuleu, cu petale mici şi antere atrofiate, de culoare limonie, lipsite de polen. Polenizatori: Peche, Anna Spath, Stanley şi Early Rivers;<br />
● Fructul este de mărime mijlocie (40 g), de formă ovoidă, cu pieliţa vânătă &#8211; violacee, acoperită cu pruină cenuşiu – albăstruie, cu pulpa verde &#8211; gălbuie, crocantă şi suculentă, cu gust plăcut, de calitate superioară, destinat pentru consum în stare propaspătă, sâmbure mic şi neaderent.<br />
● Epoca de maturare. prima decadă a lunii august (în funcţie de zonă).</p>

<p>Anul omologării: 1967. Autori: V. Cociu. Origine: Tuleu gras x Peche. ● Pom de vigoare supramijlocie spre mare, creştere piramidală şi fructificare spur; sensibil la Plum Pox Virus; ● Epoca de înflorire  mijlocie, androsteril, prezintă flori de tip Tuleu, cu petale mici şi antere atrofiate, de culoare limonie, lipsite de polen. Polenizatori: Peche, Anna Spath,  [&#8230;]</p>
