{"id":11902,"date":"2019-02-26T16:04:09","date_gmt":"2019-02-26T14:04:09","guid":{"rendered":"http:\/\/icdp.ro\/?page_id=11902"},"modified":"2019-02-26T16:04:09","modified_gmt":"2019-02-26T14:04:09","slug":"remus","status":"publish","type":"page","link":"https:\/\/icdp.ro\/ro\/cercetare\/genetica-si-ameliorare\/genetica\/remus\/","title":{"rendered":"REMUS"},"content":{"rendered":"<p><a href=\"http:\/\/icdp.ro\/wp-content\/uploads\/2019\/02\/Remus.jpg\"><img decoding=\"async\" class=\"alignright size-400 wp-image-11833\" src=\"http:\/\/icdp.ro\/wp-content\/uploads\/2019\/02\/Remus-400x378.jpg\" alt=\"\" width=\"400\" height=\"378\" srcset=\"https:\/\/icdp.ro\/wp-content\/uploads\/2019\/02\/Remus-200x189.jpg 200w, https:\/\/icdp.ro\/wp-content\/uploads\/2019\/02\/Remus-300x283.jpg 300w, https:\/\/icdp.ro\/wp-content\/uploads\/2019\/02\/Remus-400x378.jpg 400w, https:\/\/icdp.ro\/wp-content\/uploads\/2019\/02\/Remus-600x566.jpg 600w, https:\/\/icdp.ro\/wp-content\/uploads\/2019\/02\/Remus.jpg 626w\" sizes=\"(max-width: 400px) 100vw, 400px\" \/><\/a>Anul omolog\u0103rii: 1994.<br \/>\nAutori: N. Brani\u015fte, V. Amz\u0103r, M. R\u0103dulescu.<br \/>\nOrigine: Camuzat x PCF 9-100 (hibrid interspecific din Malus floribunda 821).<br \/>\n\u25cf Pomul este semiviguros, coroana globuloas\u0103, rode\u015fte pe \u0163epu\u015fe, pinteni \u015fi nuielu\u015fe; rezisten\u0163\u0103 foarte bun\u0103 la rap\u0103n (Venturia inaequalis) \u015fi medie la f\u0103inare; epoca de \u00eenflorire\u00a0 simultan cu Romus 1, Priam \u015fi Idared; este autosteril \u015fi necesit\u0103 polenizatori.<br \/>\n\u25cf Fructul de m\u0103rime mijlocie (120 &#8211; 150 g), form\u0103 sferic turtit\u0103, cu epiderma verde g\u0103lbuie cu ro\u015fu aprins pe partea \u00eensorit\u0103.<br \/>\n\u25cf Epoca de coacere: prima decad\u0103 a lunii iulie, e\u015falonat, cu c\u00e2teva zile \u00eenaintea soiului Romus 1.<\/p>\n","protected":false},"excerpt":{"rendered":"<p>Anul omolog\u0103rii: 1994. Autori: N. Brani\u015fte, V. Amz\u0103r, M. R\u0103dulescu. Origine: Camuzat x PCF 9-100 (hibrid interspecific din Malus floribunda 821). \u25cf Pomul este semiviguros, coroana globuloas\u0103, rode\u015fte pe \u0163epu\u015fe, pinteni \u015fi nuielu\u015fe; rezisten\u0163\u0103 foarte bun\u0103 la rap\u0103n (Venturia inaequalis) \u015fi medie la f\u0103inare; epoca de \u00eenflorire\u00a0 simultan cu Romus 1, Priam \u015fi Idared; este  [&#8230;]<\/p>\n","protected":false},"author":1,"featured_media":11833,"parent":11780,"menu_order":8,"comment_status":"closed","ping_status":"closed","template":"","meta":{"ngg_post_thumbnail":0,"footnotes":""},"categories":[30],"tags":[],"class_list":["post-11902","page","type-page","status-publish","has-post-thumbnail","hentry","category-mere"],"_links":{"self":[{"href":"https:\/\/icdp.ro\/ro\/wp-json\/wp\/v2\/pages\/11902","targetHints":{"allow":["GET"]}}],"collection":[{"href":"https:\/\/icdp.ro\/ro\/wp-json\/wp\/v2\/pages"}],"about":[{"href":"https:\/\/icdp.ro\/ro\/wp-json\/wp\/v2\/types\/page"}],"author":[{"embeddable":true,"href":"https:\/\/icdp.ro\/ro\/wp-json\/wp\/v2\/users\/1"}],"replies":[{"embeddable":true,"href":"https:\/\/icdp.ro\/ro\/wp-json\/wp\/v2\/comments?post=11902"}],"version-history":[{"count":1,"href":"https:\/\/icdp.ro\/ro\/wp-json\/wp\/v2\/pages\/11902\/revisions"}],"predecessor-version":[{"id":11903,"href":"https:\/\/icdp.ro\/ro\/wp-json\/wp\/v2\/pages\/11902\/revisions\/11903"}],"up":[{"embeddable":true,"href":"https:\/\/icdp.ro\/ro\/wp-json\/wp\/v2\/pages\/11780"}],"wp:featuredmedia":[{"embeddable":true,"href":"https:\/\/icdp.ro\/ro\/wp-json\/wp\/v2\/media\/11833"}],"wp:attachment":[{"href":"https:\/\/icdp.ro\/ro\/wp-json\/wp\/v2\/media?parent=11902"}],"wp:term":[{"taxonomy":"category","embeddable":true,"href":"https:\/\/icdp.ro\/ro\/wp-json\/wp\/v2\/categories?post=11902"},{"taxonomy":"post_tag","embeddable":true,"href":"https:\/\/icdp.ro\/ro\/wp-json\/wp\/v2\/tags?post=11902"}],"curies":[{"name":"wp","href":"https:\/\/api.w.org\/{rel}","templated":true}]}}

<p><a href="http://icdp.ro/wp-content/uploads/2019/02/Remus.jpg"><img decoding="async" class="alignright size-400 wp-image-11833" src="http://icdp.ro/wp-content/uploads/2019/02/Remus-400x378.jpg" alt="" width="400" height="378" srcset="https://icdp.ro/wp-content/uploads/2019/02/Remus-200x189.jpg 200w, https://icdp.ro/wp-content/uploads/2019/02/Remus-300x283.jpg 300w, https://icdp.ro/wp-content/uploads/2019/02/Remus-400x378.jpg 400w, https://icdp.ro/wp-content/uploads/2019/02/Remus-600x566.jpg 600w, https://icdp.ro/wp-content/uploads/2019/02/Remus.jpg 626w" sizes="(max-width: 400px) 100vw, 400px" /></a>Anul omologării: 1994.<br />
Autori: N. Branişte, V. Amzăr, M. Rădulescu.<br />
Origine: Camuzat x PCF 9-100 (hibrid interspecific din Malus floribunda 821).<br />
● Pomul este semiviguros, coroana globuloasă, rodeşte pe ţepuşe, pinteni şi nuieluşe; rezistenţă foarte bună la rapăn (Venturia inaequalis) şi medie la făinare; epoca de înflorire  simultan cu Romus 1, Priam şi Idared; este autosteril şi necesită polenizatori.<br />
● Fructul de mărime mijlocie (120 &#8211; 150 g), formă sferic turtită, cu epiderma verde gălbuie cu roşu aprins pe partea însorită.<br />
● Epoca de coacere: prima decadă a lunii iulie, eşalonat, cu câteva zile înaintea soiului Romus 1.</p>

<p>Anul omologării: 1994. Autori: N. Branişte, V. Amzăr, M. Rădulescu. Origine: Camuzat x PCF 9-100 (hibrid interspecific din Malus floribunda 821). ● Pomul este semiviguros, coroana globuloasă, rodeşte pe ţepuşe, pinteni şi nuieluşe; rezistenţă foarte bună la rapăn (Venturia inaequalis) şi medie la făinare; epoca de înflorire  simultan cu Romus 1, Priam şi Idared; este  [&#8230;]</p>
